58*s + 19. Calculate q(x).
4
Suppose 2*u - 9 = t, -5*t + 2*u - 7*u + 15 = 0. Let p(x) = 3 + 2*x + 119*x**2 + 2*x**3 - 119*x**2. Give p(t).
-1
Suppose -48 = 133*h - 149*h. Let c(p) be the third derivative of 0*p + 13*p**2 + 1/24*p**4 - 5/6*p**h + 0. Calculate c(3).
-2
Suppose 38*n = 36*n - 112. Let g = -50 - n. Let x(q) = -q**3 + 7*q**2 - 6*q - 3. What is x(g)?
-3
Let u be (-2 - -29)*1 - 5. Let p(z) = -6*z - u*z + 2*z**2 + 28*z + z**3 + 4. Suppose 5 = -5*n - 5*v, -5*v + 3*v + 19 = -5*n. Give p(n).
-5
Let g = -218 - -237. Let y(b) = -28*b + 46*b - 1 - g*b. Determine y(8).
-9
Let d(y) = 2*y**3 + 25*y**2 - 16*y + 24. Let p(c) = -3*c**3 - 28*c**2 + 16*c - 26. Let j(t) = 4*d(t) + 3*p(t). Calculate j(15).
3
Let d(l) = 6*l + 145. Suppose 451*j + 5066 = -6988 - 123. Calculate d(j).
-17
Let i(b) = -6*b + 6. Suppose 2*f - 12 = -2*s, 271*s = f + 270*s. Give i(f).
-12
Let h be -1*(-2)/(-2*1). Let s(w) = 670*w + 67. Let n(y) = -191*y - 19. Let z(d) = 14*n(d) + 4*s(d). What is z(h)?
-4
Let q = -2414 + 2420. Let h(z) = z**2 + 4*z - 61. Calculate h(q).
-1
Let c(q) = -15*q + 2. Let b(z) = -7*z + 1. Let l = -2 + 11. Let a(p) = l*b(p) - 4*c(p). Calculate a(6).
-17
Let l(q) = 6*q**2 + 101*q + q**3 - 173*q - 14*q**2 + 10 + 76*q. Calculate l(7).
-11
Let u(b) = -3*b + 17244*b**3 + 26 - 17245*b**3 - 10*b + 0*b**2 + 2*b + 7*b**2. What is u(6)?
-4
Suppose -3*h - 5*r = 4, 0*h + 2*h - 2*r - 24 = 0. Suppose 2*z = 4*u - 8, -7*u + 4*u + 5*z + 20 = 0. Let a(f) = 24 + u*f + 2*f - 28. Give a(h).
10
Let o = 638 - 632. Let i(t) = -4*t + 8. Determine i(o).
-16
Suppose 0 = -2*c - 6, 3*z = -c + 111 + 249. Let w(x) = -98 + z + x + x**2 - 2*x**2. What is w(-5)?
-7
Let q(g) = 22*g**2 - 11*g + 22. Let b(x) = -12*x**2 + 5*x - 16. Let r(i) = -9*b(i) - 5*q(i). What is r(7)?
6
Suppose m = -y + 6*m, 5*y - 5*m - 60 = 0. Let i(n) = -y*n - 19*n + 37*n. Suppose 2*o + a = -3*a - 22, -2*a - 13 = 3*o. Give i(o).
-3
Let z(q) be the first derivative of -q**4/4 + q**3 - 2*q**2 + 4*q - 295. Determine z(2).
0
Suppose -4*z + p + 529 = 94, 0 = -2*z - 4*p + 204. Suppose 0 = -14*d - 10 + z. Let r(o) = 0*o**2 + 0*o**2 + o**2 - 9*o + 4. What is r(d)?
-10
Let i(z) = -213464*z - 181*z**2 + 5 - 213461*z + 426920*z. What is i(1)?
-181
Let p = -296 - -301. Suppose -2*q - p*q + 56 = 0. Let i(k) = -k**2 + 6*k + 10. Determine i(q).
-6
Let y(x) be the second derivative of -x**5/20 + 3*x**4/4 - 17*x**3/6 - 4*x**2 - 1803*x. What is y(4)?
4
Let o(c) = -c**3 - 7*c**2 + 3*c + 54. Suppose 2*t + 4*t + 42 = -t. Give o(t).
0
Let z(d) be the first derivative of -1/24*d**4 + 0*d + 0*d**3 - 1/60*d**5 - 30 - 19/2*d**2. Let m(o) be the second derivative of z(o). Calculate m(0).
0
Let t be 8*-3*(-16)/(-24). Let k be -3*t/(-12) + 7. Let w(m) = m - 4. Give w(k).
-1
Let q(p) = 5*p - 118. Let j be q(23). Let r(m) = 7*m**2 + 2*m - 10. Let n(l) = -6*l**2 - 2*l + 8. Let b(u) = j*r(u) - 4*n(u). What is b(-2)?
6
Let f(h) = -5*h**3 + 5*h**2 - h + 79. Let c(g) = 4*g**3 - 4*g**2 + g - 59. Let r(t) = -9*c(t) - 7*f(t). Give r(0).
-22
Let f(t) be the third derivative of 155*t**4/24 + 307*t**3/2 + 13358*t**2. What is f(-6)?
-9
Suppose -r - 5 = 0, -18 = i + i + 2*r. Let j(q) = -7*q**3 - 8*q**2 + 7*q - 7. Let d(z) = -2*z**3 - 3*z**2 + 2*z - 1. Let x(f) = -4*d(f) + j(f). What is x(i)?
1
Let w(s) be the third derivative of 11*s**4/24 - 762*s**2 - 3*s. Give w(0).
0
Let g be -7 - -13 - 24/(-1). Let c(v) = -12*v**2 - 17*v**2 + 0 + 4 + g*v**2 + 3*v. Let i(m) = -m**3 + 4*m**2 + 5*m - 5. Let w be i(5). What is c(w)?
14
Suppose 4*x = 2*p + 4 - 2, 3 = -p. Let n(k) = 315*k + 1 - 161*k - 168*k. Calculate n(x).
15
Let i(o) be the third derivative of -62 + 1/6*o**4 - o**2 + 0*o - 1/2*o**3. What is i(4)?
13
Let h(z) = z**3 - z**2 - 3*z + 4. Let m be h(2). Let k(t) = 0*t**m - t**2 - 183*t + 187*t - 3. Determine k(5).
-8
Let m(i) = -4*i. Let g = 2571 + -2572. Determine m(g).
4
Let a(j) = 5*j**3 + 4*j**2 - 5*j - 7. Let r(n) = -2*n**3 - n**2 - n + 1. Let t(v) = a(v) + 2*r(v). Suppose -19*k + 16*k = 12. What is t(k)?
-9
Let z(p) = p**3 + p**2 - 1. Let r(f) = 4*f**3 - 3*f**2 + 2. Let j(b) = -r(b) - z(b). Let s(m) = -3*m**2 + m - 4. Let g be s(2). Let c = g - -15. What is j(c)?
-4
Let n(y) = 14*y**2 + 18*y + 559. Let u(i) = -34*i**2 - 44*i - 1342. Let c(o) = 12*n(o) + 5*u(o). Let m be (-1)/2*(5 - -1). Determine c(m).
-8
Let q(w) be the first derivative of w**2/2 - 17*w + 3. Let z be q(11). Let j(x) = 43 + 57*x**3 + 8*x - 41 + 6*x**2 - 56*x**3 - 4*x + x**2. Calculate j(z).
14
Let j(m) = -769 + 1484 - 723 + 14*m. Determine j(3).
34
Let l(q) be the second derivative of -q**5/20 - 3*q**4/4 + q**3/2 - 11*q**2/2 - 2471*q. Give l(-9).
-38
Let j = 698 - 693. Suppose -5*b = j*f + 10, -b - 11 = 2*f - 6*b. Let p(v) = 6*v + 1. Calculate p(f).
-17
Let a be 2 + 3 + (-29)/(-29). Let w(j) = a + 36*j - 18*j - 20*j. Determine w(4).
-2
Let f(m) = 18*m**3 + 2*m**2 - 1. Suppose 3*l + 2*h = 7, -17*l = -19*l + 5*h - 27. Let c be 4 - l - (-1 - 0)*-6. Calculate f(c).
-17
Let q(f) = 5*f**2 + 12*f - 6. Let r(b) = 6*b - 15. Let t be r(2). Let p(l) = 6*l**2 + 13*l - 7. Let g(w) = t*p(w) + 4*q(w). Determine g(-4).
-7
Let t be (-2 - (-26 - -17))*1. Let d(j) be the second derivative of -j**4/12 + 2*j**3/3 - 5*j**2/2 - 2*j. Determine d(t).
-26
Suppose -4*d - 5*y + 1499 - 3559 = 0, 5*y = d + 540. Let i = 519 + d. Let k(f) = 15*f + 4. Calculate k(i).
-11
Let m(y) = -59*y - 530. Let n = -28797 - -28788. What is m(n)?
1
Let l(f) = 4*f - 16. Let i(o) = o - 5. Let d = -289 - -159. Let t be d/6 + (-8)/(-12)*1. Let m(h) = t*i(h) + 6*l(h). Determine m(-6).
-9
Let o(y) = -4*y - 33. Let p(w) be the second derivative of -w**2/2 + 5*w. Let j(d) = o(d) + 2*p(d). Let m be j(-9). Let t(g) = 2*g. Calculate t(m).
2
Let f(v) = -v**3 - 9*v**2 - v + 14. Let h(z) = 130*z + 12350. Let o be h(-95). Give f(o).
14
Suppose 0 = k - 2*z + 8, -3*z + 12 + 0 = 0. Let w = 0 + k. Let m(u) = -u**3 + u + 1. Calculate m(w).
1
Let i(d) be the first derivative of -d**4/4 + 10*d**3/3 + d**2/2 - 6*d - 1. Suppose -5*k - 1812*y = -1807*y - 80, 4*y = 2*k + 4. What is i(k)?
4
Let z(p) = -10*p**3 + 14*p**3 - 3*p**3 - 2 - 7 + 199*p**2 - 171*p**2. Give z(-28).
-9
Let f = -2387 + 2397. Let z(t) = -2*t + 2. Determine z(f).
-18
Let g = -3383 + 3392. Let z(n) = n**3 - 8*n**2 - 12*n + 26. Determine z(g).
-1
Let v = 728 - 722. Let b(u) be the second derivative of u**3/2 + 4*u**2 + 43*u. Determine b(v).
26
Let w(d) = d**3 - d**2 - 5. Let u be 1900/200*(-24)/(-38). Calculate w(u).
175
Let w(d) = -42*d + 214. Suppose 0 = -y - 0*y - 2*y + 15. What is w(y)?
4
Let c(t) = 2*t + 7. Suppose 2*p + 5*z = -10, 0*p + 5*p - 33 = 2*z. Suppose -p*b - 3 = -2*s + 29, -3*b - s = 17. Let f be (2 - 1)/(b - 116/(-20)). What is c(f)?
-3
Suppose 2*o = 2*n + 10, 5*o - n + 2*n - 13 = 0. Suppose 48 = -5*d - o*r + 12, r + 20 = -3*d. Let c(z) = 4 + z**3 + 6*z**2 + 2*z**2 - 2*z**2. Calculate c(d).
4
Let n = 954 - 961. Let d(v) = v**3 + 8*v**2 + 3*v - 7. Calculate d(n).
21
Let l(d) = 48 - 6*d + 100 + 40 - 7*d - 51. Determine l(10).
7
Let o(v) = 12*v**2 - v + 1. Let b = 37 + -33. Let i be b*(2 + 4 + -5). Suppose -5*s + 17 = 3*n, -i*n - 6 + 22 = 0. Determine o(s).
12
Let o = -134 - -46. Let h = 81 + o. Let g(r) = r**2 + 7*r + 9. Determine g(h).
9
Let u(z) = -24*z + 58*z - 17*z - 14*z + 33. Calculate u(-21).
-30
Let d(k) be the third derivative of -k**6/60 - 7*k**4/24 + k**3/2 - 8387*k**2. Calculate d(2).
-27
Let x(p) = 3*p - 15. Let a(c) = 13*c - 59. Let f(y) = -4*a(y) + 18*x(y). Determine f(7).
-20
Let i be (-1)/((-20)/(-12)*(-9)/(-45)) - -4. Let h(l) = -2*l**3 - 2*l**2 + 4*l - 2. Determine h(i).
-2
Let x be (-1 - 1)*1*1. Let y = -45 + 47. Let c(d) = -34*d - y + 73*d - 41*d. Calculate c(x).
2
Let k(j) = 45*j - 129*j + 1 + 26*j - 20*j**2 + j**3 + 32*j. Calculate k(21).
-104
Let l be (10/3)/(-5)*36/(-4). Let d(t) = 6*t**2 + 4*t**3 - t**3 - 2*t + 3 - 4*t**3. Calculate d(l).
-9
Suppose -k = 5*i - 47, 3*k - 3*i + 19 = 2*i. Let r(f) = -f**3 + 4*f**2 + 20*f + 1. Give r(k).
-6
Let a(n) be the first derivative of 0*n**2 + 1/3*n**3 - 95 - n + 3/4*n**4. Give a(1).
3
Let u(m) be the third derivative of 0*m**3 + 0*m - 5/24*m**4 + 1/60*m**5 + 0 - 139*m**2. Calculate u(5).
0
Let r(j) be the first derivative of -j**3/3 + j**2/2 + 9*j + 597. What is r(-3)?
-3
Let s = 11059 + -11054. Let u(n) = n**3 -